{"id":170,"date":"2023-03-10T17:57:30","date_gmt":"2023-03-10T16:57:30","guid":{"rendered":"https:\/\/immorebs.com\/?page_id=170"},"modified":"2024-02-01T16:33:40","modified_gmt":"2024-02-01T15:33:40","slug":"blockchain","status":"publish","type":"page","link":"https:\/\/immorebs.com\/?page_id=170","title":{"rendered":"Blockchain"},"content":{"rendered":"\n<div style=\"height:50px\" aria-hidden=\"true\" class=\"wp-block-spacer\"><\/div>\n\n\n\n<h2 class=\"wp-block-heading has-text-align-left\">Blockchain<\/h2>\n\n\n\n<p class=\"has-text-align-left\">Die Verwendung einer Blockchain f\u00fcr ImmoRebs bietet besondere M\u00f6glichkeiten. Am wichtigsten ist vermutlich die Verwaltung der Verm\u00f6gensgegenst\u00e4nde ohne auf eine Bank oder ein Depot angewiesen zu sein und den damit wegfallenden Kosten. \u00dcber die Token kann jederzeit frei verf\u00fcgt werden und keine zentrale Organisation hat die M\u00f6glichkeit diese zu blockieren. Die Transaktionskosten sind (bei einigen Blockchains) sehr gering. Au\u00dferdem wird dadurch auch die M\u00f6glichkeit unterst\u00fctzt bereits mit kleinen Betr\u00e4gen zu investieren. Mit diesen Vorteilen kommt jedoch auch <strong>gro\u00dfe Eigenverantwortung<\/strong>, da der Zugang zu einer Wallet nur mit dem Seed-Phrase wieder hergestellt werden kann, der bei der Einrichtung festgelegt wird. <strong>Es gibt es kein &#8222;Passwort vergessen&#8220; oder &#8222;Passwort zur\u00fccksetzen&#8220;<\/strong>.<\/p>\n\n\n\n<p class=\"has-text-align-left\">Bei der Auswahl der Blockchain wurden verschiedene Aspekte in Betracht gezogen. Darunter insbesondere<\/p>\n\n\n\n<div class=\"wp-block-columns is-layout-flex wp-container-core-columns-is-layout-9d6595d7 wp-block-columns-is-layout-flex\">\n<div class=\"wp-block-column is-layout-flow wp-block-column-is-layout-flow\" style=\"flex-basis:25%\"><\/div>\n\n\n\n<div class=\"wp-block-column is-layout-flow wp-block-column-is-layout-flow\" style=\"flex-basis:50%\">\n<ul class=\"wp-block-list\">\n<li>Dezentralisierung und damit verbundene Sicherheit<\/li>\n\n\n\n<li>Aktivit\u00e4t von Entwicklern und Community<\/li>\n\n\n\n<li>breite Zug\u00e4nglichkeit von Informationen bzw. Open-Source-Einstellung<\/li>\n\n\n\n<li>Verf\u00fcgbarkeit von Wallet-Apps<\/li>\n\n\n\n<li>Verf\u00fcgbarkeit und Komplexit\u00e4t von dezentralen B\u00f6rsen (DEX)<\/li>\n\n\n\n<li>Anbindung an zentrale Krypto-B\u00f6rse<\/li>\n\n\n\n<li>Komplexit\u00e4t und Kosten der Erstellung der Token<\/li>\n\n\n\n<li>Kosten von Transaktionen<\/li>\n\n\n\n<li>Anforderungen an Node bzw. Validator<\/li>\n<\/ul>\n<\/div>\n\n\n\n<div class=\"wp-block-column is-layout-flow wp-block-column-is-layout-flow\" style=\"flex-basis:25%\"><\/div>\n<\/div>\n\n\n\n<p class=\"has-text-align-left\">ImmoRebs Token werden auf der <a href=\"https:\/\/solana.com\/de\">Solana Blockchain<\/a> abgebildet, da diese die meisten Kriterien gut bis sehr gut erf\u00fcllt. Insbesondere die \u00e4u\u00dferst geringen Transaktionskosten iHv aktuell weniger als EUR 0,001 spielen im Hinblick auf die zuk\u00fcnftigen Transaktionen eine wesentliche Rolle. Das \u00d6kosystem von Solana ist besonders weitl\u00e4ufig und bietet verschiedenste M\u00f6glichkeiten. F\u00fcr ImmoRebs sind die wichtigsten Funktionen einfache Wallet-Apps und dezentrale B\u00f6rsen sowie Zugang zu zentralen B\u00f6rsen. <\/p>\n\n\n\n<div style=\"height:20px\" aria-hidden=\"true\" class=\"wp-block-spacer\"><\/div>\n\n\n\n<h3 class=\"wp-block-heading has-text-align-left\" id=\"sicherheitshinweise\">Wichtig f\u00fcr Blockchain-Einsteiger<\/h3>\n\n\n\n<p class=\"has-text-align-left\">Es gibt mittlerweile eine gro\u00dfe Anzahl verschiedenere Blockchain-Projekte und es besteht die Gefahr durch Verwechslungen oder Unachtsamkeit Token unwiederbringlich zu verlieren, da <strong>Transaktionen nicht zur\u00fcckgerufen <\/strong>werden k\u00f6nnen. Mithilfe einiger Grundregeln k\u00f6nnen Fehler jedoch vermieden werden:<\/p>\n\n\n\n<div class=\"wp-block-columns is-layout-flex wp-container-core-columns-is-layout-9d6595d7 wp-block-columns-is-layout-flex\">\n<div class=\"wp-block-column is-layout-flow wp-block-column-is-layout-flow\" style=\"flex-basis:25%\"><\/div>\n\n\n\n<div class=\"wp-block-column is-layout-flow wp-block-column-is-layout-flow\" style=\"flex-basis:50%\">\n<ul class=\"wp-block-list\">\n<li>Insbesondere wenn Wallets oder Plattformen verwendet werden, die verschiedene Blockchains unterst\u00fctzen, sollte immer vorab sichergestellt werden, dass das richtige Netzwerk ausgew\u00e4hlt wurde. Das gilt sowohl f\u00fcr das Versenden als auch f\u00fcr das Empfangen von Token.<\/li>\n\n\n\n<li>Auch wenn die Ziel-Adresse aus verwirrenden Buchstaben-Zahlen-Kombinationen besteht, sollte diese immer abgeglichen werden.<\/li>\n\n\n\n<li>Insbesondere, wenn ein gr\u00f6\u00dferer Wert \u00fcbertragen werden soll, ist es sinnvoll vorab eine kleinere Test-Transaktion durchzuf\u00fchren und den Eingang zu verifizieren (aufgrund der geringen Transaktionskosten und schnellen Durchf\u00fchrung ist das im Solana-Netzwerk besonders einfach). <\/li>\n\n\n\n<li>Verschiedene Blockchains ben\u00f6tigen unterschiedlich lange um eine Transaktion zu verifizieren. Die Verifizierung sollte jedenfalls abgewartet werden, um sicherzustellen, dass die Transaktion beim Empf\u00e4nger angekommen ist. Bei Solana geht das \u00fcblicherweise sehr schnell.<\/li>\n<\/ul>\n<\/div>\n\n\n\n<div class=\"wp-block-column is-layout-flow wp-block-column-is-layout-flow\" style=\"flex-basis:25%\"><\/div>\n<\/div>\n\n\n\n<p class=\"has-text-align-left\">&#8222;<strong>Not your Keys &#8211; not your Coins<\/strong>&#8220; ist ein weit verbreiteter Grundsatz und ist insbesondere ein Hinweise darauf, dass Token, die sich nicht auf einer selbst verwalteten (non-custodial) Wallet befinden, sondern zB bei einer (zentralen) Krypto-B\u00f6rse oder einem anderen Dienstleister &#8222;gelagert&#8220; werden, wesentlich leichter verschwinden k\u00f6nnen, da ohne eigenes Mitwirken die Token verschoben werden k\u00f6nnen (was in der Vergangenheit auch bereits vorgekommen ist). Der sicherste Ort zur Verwahrung von Token ist die eigene Wallet, auf die sonst niemand Zugriff hat, da die Passw\u00f6rter bzw. Seed-Phrase niemanden bekannt sein sollten.<\/p>\n\n\n\n<p class=\"has-text-align-left\">Das Risiko von einem Hacker bestohlen zu werden, wird oft als wesentlich gr\u00f6\u00dfer dargestellt, als es tats\u00e4chlich ist. Sofern auch hier einige Grundregeln eingehalten werden, sind die Token auf der Blockchain wesentlich sicherer als Geld auf einem Bankkonto:<\/p>\n\n\n\n<div class=\"wp-block-columns is-layout-flex wp-container-core-columns-is-layout-9d6595d7 wp-block-columns-is-layout-flex\">\n<div class=\"wp-block-column is-layout-flow wp-block-column-is-layout-flow\" style=\"flex-basis:25%\"><\/div>\n\n\n\n<div class=\"wp-block-column is-layout-flow wp-block-column-is-layout-flow\" style=\"flex-basis:50%\">\n<ul class=\"wp-block-list\">\n<li>Seed-Phrase <strong>nur handschriftlich notieren <\/strong>und <strong>an einem sicheren Ort<\/strong> verwahren. Oft wird der Seed-Phrase aus Bequemlichkeit an einem Ort gespeichert, der f\u00fcr Hacker zug\u00e4nglich ist (Cloud-Speicher, Email etc.), was wohl der h\u00e4ufigste Grund f\u00fcr den Verlust von Token an Hacker ist.<\/li>\n\n\n\n<li>Verwendete Ger\u00e4te sollen sicher und frei von Viren sein. Zum Beispiel k\u00f6nnen Keylogger-Programme Tastatureingaben an Hacker weiterleiten, die so an Passw\u00f6rter kommen.<\/li>\n\n\n\n<li>Verwendung von sicheren Passw\u00f6rtern<\/li>\n\n\n\n<li>Vermeidung von unsicheren Netzwerken &#8211; insbesondere unverschl\u00fcsselte \u00f6ffentliche WLAN-Netzwerke.<\/li>\n<\/ul>\n<\/div>\n\n\n\n<div class=\"wp-block-column is-layout-flow wp-block-column-is-layout-flow\" style=\"flex-basis:25%\"><\/div>\n<\/div>\n\n\n\n<div style=\"height:20px\" aria-hidden=\"true\" class=\"wp-block-spacer\"><\/div>\n\n\n\n<h2 class=\"wp-block-heading has-text-align-left\" id=\"wallet\">Wallet<\/h2>\n\n\n\n<p class=\"has-text-align-left\">F\u00fcr die Solana Blockchain sind eine Reihe von <a rel=\"noreferrer noopener\" href=\"https:\/\/solana.com\/ecosystem\/explore?categories=wallet\" target=\"_blank\">Wallet-Apps<\/a> verf\u00fcgbar, von denen einige auch in der Lage sind mit anderen Netzwerken zu arbeiten. Au\u00dferdem unterst\u00fctzen auch sogenannte Hardware- bzw. Cold-Wallets wie <a href=\"https:\/\/www.ledger.com\/\">Ledger<\/a> oder <a rel=\"noreferrer noopener\" href=\"https:\/\/keyst.one\/\" target=\"_blank\">Keystone<\/a> die Solana-Blockchain. F\u00fcr unerfahrene Benutzer wird empfohlen eine einfache Wallet zum Einstieg zu verwenden, die keinen oder nur geringen Multi-Blockchain-Support bietet um Fehler bei den verwendeten Adressen\/Netzwerken zu vermeiden. Bei gr\u00f6\u00dferen Betr\u00e4gen ist eine Hardware-Wallet jedenfalls sinnvoll, die zusammen mit den Wallet-Apps von Solflare oder Phantom verwendet werden k\u00f6nnen (in der Ledger-App k\u00f6nnen derzeit keine Token der Solana-Blockchain angezeigt werden).<\/p>\n\n\n\n<p class=\"has-text-align-left\"><strong>WICHTIG!!<\/strong> Jeder Benutzer ist selbst f\u00fcr den Zugang zu seiner Wallet verantwortlich. <strong>Weder ImmoRebs noch Solana sind in der Lage eine Wallet wieder herzustellen oder ein Passwort zur\u00fcck zu setzen<\/strong>. Das ist nur mit dem Seed-Phrase m\u00f6glich, der bei der Erstellung der Wallet festgelegt wird. ACHTUNG: <strong>jeder, der \u00fcber diesen Seed-Phrase verf\u00fcgt, kann die Wallet auf einem beliebigen Ger\u00e4t einrichten und \u00fcber die Verm\u00f6gensgegenst\u00e4nde der Wallet verf\u00fcgen<\/strong>. Der Seed-Phrase sollte daher <strong>handschriftlich notiert <\/strong>und an einem <strong>sicheren Ort verwahrt<\/strong> werden. Der Seed-Phrase kann mit einer Schatzkarte zu einem besonders gut versteckten Schatz verglichen werden &#8211; jeder, der sie hat kommt an den Schatz aber sonst niemand.<\/p>\n\n\n\n<p>Obwohl die oben genannten Hardware-Wallets auch bei uns zum Einsatz kommen, k\u00f6nnen wir die Ger\u00e4te aktuell nicht vorbehaltlos empfehlen. Bei Ledger h\u00e4ngt dies mit den j\u00fcngsten Entwicklungen zusammen, die in den Sozialen Medien ausf\u00fchrlich diskutiert werden. Dabei geht es um einen Recovery-Service, der in der Lage ist die eigene Seed-Phrase (bzw. Private-Keys) aus dem Ger\u00e4t auszulesen, was bei Ledger Kunden sehr negativ aufgenommen wurde. Keystone wird dagegen aufgrund des Sitzes in Hong Kong und dem potentiellen Einfluss Chinas kritisch betrachtet.<\/p>\n\n\n\n<div style=\"height:20px\" aria-hidden=\"true\" class=\"wp-block-spacer\"><\/div>\n\n\n\n<h3 class=\"wp-block-heading has-text-align-left\">Erstellen einer Solana Wallet<\/h3>\n\n\n\n<p>Da die Auswahl einer Wallet-App f\u00fcr Einsteiger vielleicht Unsicherheit hervorruft haben wir f\u00fcr die <a href=\"https:\/\/immorebs.com\/?page_id=322\">Phantom-Wallet<\/a> und die <a href=\"https:\/\/immorebs.com\/?page_id=322#solflare\">Solflare-Wallet<\/a> jeweils Anleitungen mit Screenshots und Videos erstellt.<\/p>\n\n\n\n<div style=\"height:20px\" aria-hidden=\"true\" class=\"wp-block-spacer\"><\/div>\n\n\n\n<h2 class=\"wp-block-heading has-text-align-left\" id=\"DEX\">dezentrale B\u00f6rsen<br>(decentralized Exchange \/ DEX)<\/h2>\n\n\n\n<p class=\"has-text-align-left\">Dezentrale B\u00f6rsen bieten oft verschiedene Services an, wie zB auch &#8222;Lending&#8220; oder &#8222;Staking&#8220;. Die wichtigste Funktion ist jedoch das Wechseln bzw. Tauschen von verschiedenen Krypto-Tokens. Dies wird \u00fcblicherweise \u00fcber sogenannte Liquidity-Pools umgesetzt in denen jeweils ein Token-Paar enthalten ist. Die Token werden dem Pool von Nutzern zur Verf\u00fcgung gestellt, die im Gegenzug eine Geb\u00fchr erhalten, wenn jemand einen Tausch vornimmt. Im Normalfall erfolgt der Tausch zwischen Tokens, die auf der jeweiligen Blockchain enthalten sind, jedoch gibt es bereits Projekte, die auch verschiedene Blockchains miteinander verbinden.<\/p>\n\n\n\n<p class=\"has-text-align-left\">F\u00fcr die Solana-Blockchain existieren eine Reihe verschiedener DEX-Projekte. Zum Beispiel k\u00f6nnen auf <a rel=\"noreferrer noopener\" href=\"https:\/\/raydium.io\/\" target=\"_blank\">Raydium<\/a> und <a rel=\"noreferrer noopener\" href=\"https:\/\/www.orca.so\/\" target=\"_blank\">Orca<\/a> eigene Liquidity-Pools erstellt werden.<\/p>\n\n\n\n<p>ACHTUNG: Bei der Verwendung von B\u00f6rsen sollte sicher gestellt werden, dass es sich um den richtigen Token handelt, da es m\u00f6glich ist Token den selben Namen zu geben &#8211; entweder auf unterschiedlichen Blockchains oder sogar auf derselben Blockchain. Betr\u00fcger k\u00f6nnen das ausnutzen und Token generieren um Investoren Geld abzunehmen. Jeder Token hat jedoch eine einzigartige Adresse (&#8222;Mint-Adresse&#8220;), die kontrolliert werden sollte. Diese lautet f\u00fcr ImmoRebs Uprising Token <a href=\"https:\/\/immorebs.com\/?page_id=163\" data-type=\"page\" data-id=\"163\">iRU8xuPgo6AYgXHYokU5QsKd9JMkcb8CXCKBdvgfxKQ<\/a> und f\u00fcr ImmoRebs Profit Token <a rel=\"noreferrer noopener\" href=\"https:\/\/explorer.solana.com\/address\/iRPdYGYhdCtK7W2AcA1XnUBRmbFMp9pqf99TBmFGBzB\" target=\"_blank\">iRPdYGYhdCtK7W2AcA1XnUBRmbFMp9pqf99TBmFGBzB<\/a>.<\/p>\n\n\n\n<div style=\"height:20px\" aria-hidden=\"true\" class=\"wp-block-spacer\"><\/div>\n\n\n\n<h2 class=\"wp-block-heading\">zentrale B\u00f6rsen<\/h2>\n\n\n\n<p>Im Gegensatz zu dezentralen B\u00f6rsen entsprechen zentrale B\u00f6rsen mehr dem, was auch in anderen M\u00e4rkten bekannt ist. Diese werden grunds\u00e4tzlich von privaten Unternehmen organisiert, die Plattformen f\u00fcr den Handel von Token zur Verf\u00fcgung stellen. Zu beachten ist, dass nicht alle Token auf allen B\u00f6rsen gehandelt werden k\u00f6nnen, da diese vorher immer gelistet werden m\u00fcssen. Mittlerweile gibt es bereits eine gro\u00dfe Anzahl dieser B\u00f6rsen zB <a rel=\"noreferrer noopener\" href=\"https:\/\/www.coinbase.com\/de\/\" target=\"_blank\">Coinbase<\/a>, <a rel=\"noreferrer noopener\" href=\"https:\/\/www.binance.com\/en\" target=\"_blank\">Binance<\/a>, <a rel=\"noreferrer noopener\" href=\"https:\/\/www.kucoin.com\/de\" target=\"_blank\">KuCoin<\/a> oder das in \u00d6sterreich ans\u00e4ssige Unternehmen <a rel=\"noreferrer noopener\" href=\"https:\/\/www.bitpanda.com\/de\" target=\"_blank\">Bitpanda<\/a>. Diese B\u00f6rsen bieten \u00fcblicherweise auch die M\u00f6glichkeit Token gegen FIAT-Geld (zB EUR) zu tauschen.<\/p>\n\n\n\n<p>Zuletzt war insbesondere die B\u00f6rse FTX in den Nachrichten, da hier wohl nicht sorgsam mit den Verm\u00f6genswerten der Kunden umgegangen wurde. Ein \u00e4hnliches Risiko besteht grunds\u00e4tzlich bei allen zentralen B\u00f6rsen und sollten Token nur dann von der eigenen Wallet an eine zentrale B\u00f6rse gesendet werden, wenn damit gehandelt werden soll und vor allem sollten keine gr\u00f6\u00dferen Betr\u00e4ge bei zentralen B\u00f6rsen \u00fcber l\u00e4ngere Zeit geparkt werden.<\/p>\n\n\n\n<p>ACHTUNG: Obwohl ein Listing auf einer zentralen B\u00f6rse nicht so einfach ist, wie auf einer dezentralen, sollte bei der Verwendung von B\u00f6rsen dennoch sicher gestellt werden, dass es sich auch hier um den richtigen Token handelt (siehe oben). Jeder Token hat eine einzigartige Adresse (&#8222;Mint-Adresse&#8220;), die kontrolliert werden sollte. Diese lautet f\u00fcr ImmoRebs Uprising Token <a href=\"https:\/\/immorebs.com\/?page_id=163\">iRU8xuPgo6AYgXHYokU5QsKd9JMkcb8CXCKBdvgfxKQ<\/a> und f\u00fcr ImmoRebs Profit Token <a rel=\"noreferrer noopener\" href=\"https:\/\/explorer.solana.com\/address\/iRPdYGYhdCtK7W2AcA1XnUBRmbFMp9pqf99TBmFGBzB\" target=\"_blank\">iRPdYGYhdCtK7W2AcA1XnUBRmbFMp9pqf99TBmFGBzB<\/a>.<\/p>\n\n\n\n","protected":false},"excerpt":{"rendered":"<p>Blockchain Die Verwendung einer Blockchain f\u00fcr ImmoRebs bietet besondere M\u00f6glichkeiten. Am wichtigsten ist vermutlich die Verwaltung der Verm\u00f6gensgegenst\u00e4nde ohne auf eine Bank oder ein Depot angewiesen zu sein und den damit wegfallenden Kosten. \u00dcber die Token kann jederzeit frei verf\u00fcgt werden und keine zentrale Organisation hat die M\u00f6glichkeit diese zu blockieren. Die Transaktionskosten sind (bei&hellip;&nbsp;<a href=\"https:\/\/immorebs.com\/?page_id=170\" class=\"\" rel=\"bookmark\">Weiterlesen &raquo;<span class=\"screen-reader-text\">Blockchain<\/span><\/a><\/p>\n","protected":false},"author":2,"featured_media":0,"parent":163,"menu_order":0,"comment_status":"closed","ping_status":"closed","template":"","meta":{"neve_meta_sidebar":"","neve_meta_container":"","neve_meta_enable_content_width":"","neve_meta_content_width":0,"neve_meta_title_alignment":"","neve_meta_author_avatar":"","neve_post_elements_order":"","neve_meta_disable_header":"","neve_meta_disable_footer":"","neve_meta_disable_title":"on","footnotes":""},"class_list":["post-170","page","type-page","status-publish","hentry"],"_links":{"self":[{"href":"https:\/\/immorebs.com\/index.php?rest_route=\/wp\/v2\/pages\/170","targetHints":{"allow":["GET"]}}],"collection":[{"href":"https:\/\/immorebs.com\/index.php?rest_route=\/wp\/v2\/pages"}],"about":[{"href":"https:\/\/immorebs.com\/index.php?rest_route=\/wp\/v2\/types\/page"}],"author":[{"embeddable":true,"href":"https:\/\/immorebs.com\/index.php?rest_route=\/wp\/v2\/users\/2"}],"replies":[{"embeddable":true,"href":"https:\/\/immorebs.com\/index.php?rest_route=%2Fwp%2Fv2%2Fcomments&post=170"}],"version-history":[{"count":10,"href":"https:\/\/immorebs.com\/index.php?rest_route=\/wp\/v2\/pages\/170\/revisions"}],"predecessor-version":[{"id":1371,"href":"https:\/\/immorebs.com\/index.php?rest_route=\/wp\/v2\/pages\/170\/revisions\/1371"}],"up":[{"embeddable":true,"href":"https:\/\/immorebs.com\/index.php?rest_route=\/wp\/v2\/pages\/163"}],"wp:attachment":[{"href":"https:\/\/immorebs.com\/index.php?rest_route=%2Fwp%2Fv2%2Fmedia&parent=170"}],"curies":[{"name":"wp","href":"https:\/\/api.w.org\/{rel}","templated":true}]}}